0 = -2*c. What is the remainder when k is divided by 34?
33
Suppose 15*l - 9 = 18*l. Calculate the remainder when 18 is divided by (12 - (-12)/l) + 0.
2
Let m(t) = t**2 + 10*t - 3. Let d(f) = -f - 1. Let q(y) = 3*d(y) - m(y). Calculate the remainder when q(-11) is divided by (-68)/(-6) + (-6)/(-9).
10
Suppose -13*q - 25*q = -950. Calculate the remainder when q is divided by -1*3*(1 + -4).
7
Suppose -5*q + 105102 = -3*h + 35498, h + 3*q = -23178. What is the remainder when 2/3 - h/81 is divided by 36?
35
Let z = -56 - -65. Suppose -z*y + 10*y = 14. What is the remainder when 152 is divided by y?
12
Let r(f) be the second derivative of f**5/20 + 11*f**4/12 - 2*f**3/3 - 9*f**2/2 - 11*f. What is the remainder when r(-11) is divided by 12?
11
Let z(l) = 3*l**3 + l**2 - 1. Let c be z(1). Suppose -2*d + c*o = -59, -2*d - 2*o + 35 = 3*o. Let y = d + -2. Calculate the remainder when y is divided by 8.
7
Let l(z) = z**2 + 2*z + 11. Let b = -28 - -28. What is the remainder when l(b) is divided by 5?
1
Let k = 46 + -46. Let q = -18 + 28. Suppose p - q = -k*p. What is the remainder when p is divided by 7?
3
Let n = -345 + 473. Calculate the remainder when n is divided by 27.
20
Let r(y) = 22*y - 2. Let q be r(-2). Let x = -86 - q. What is the remainder when 38 is divided by 8/12 + x/(-3)?
10
Suppose 5*z - 10*w = -6*w + 125, -88 = -3*z + 5*w. Let r(n) = 2*n**2 - 2*n. Let c be 92/16 - (-2)/8. Calculate the remainder when r(c) is divided by z.
18
Suppose 4*u - 5 = -17. Calculate the remainder when 2020/30 + (-2)/u is divided by 35.
33
Let h(k) = -k + 13. Suppose 6 + 1 = g. Calculate the remainder when 34 is divided by h(g).
4
Suppose -9 = 2*v - 0*c - 3*c, 3*v - 3*c + 9 = 0. Suppose -2*z + 4*m + 19 + 39 = v, -z - 2*m = -25. Calculate the remainder when 160 is divided by z.
25
Let k = 5 + -3. Let a be (2180/8)/5*2. Suppose 4*v + l = 4*l + a, k*v = -3*l + 59. What is the remainder when 83 is divided by v?
27
Let b = -1384 + 1391. What is the remainder when 206 is divided by b?
3
Let p(n) = 3*n**2 - 15*n + 2. Let b be p(7). Suppose 4*z - 52 = -4*g - z, -4*g = 3*z - b. What is the remainder when 22 is divided by g?
6
Suppose 2*k - 44 - 40 = 0. Suppose 0 = -4*l - 2*u + 30, 20*l + 36 = 23*l - 3*u. Calculate the remainder when k is divided by l.
6
Let z(s) = s**2 + s. Let a(t) = -7*t**2 - 7*t. Let q(i) = 5*a(i) + 40*z(i). Calculate the remainder when q(-3) is divided by 11.
8
Let c = 1091 - 889. Calculate the remainder when c is divided by 68.
66
Let k = -25 + 135. What is the remainder when k is divided by 23?
18
Suppose 5*q + 3 = -b, -4*q + 5*b + 15 = -0*b. Suppose -7*z - 42 - 14 = q. Let l = z - -27. What is the remainder when 35 is divided by l?
16
Suppose -4*p + 5 = x, -p + 5*x = 4*p - 25. Suppose -15 - 31 = -p*h. Suppose -b - 11 = 5*q, 5*b + 5*q - 17 = 8. Calculate the remainder when h is divided by b.
5
Let p = 669 - 646. Calculate the remainder when p is divided by (6/4)/((-3)/(-30)).
8
Suppose -2*a + 12 = 5*k, -4*a + 4*k - 16 = -124. What is the remainder when 58*1*1/2 is divided by a?
8
Suppose 12 = 6*r - 198. Calculate the remainder when 205 is divided by r.
30
Let t(s) = -s**3 + 8*s**2 + 10*s - 9. Let o be t(9). Suppose -49*h + 45*h + 168 = o. Calculate the remainder when 166 is divided by h.
40
Let f(s) = -s**2. Let c(o) = -4*o - 11. Let u(m) = c(m) - f(m). What is the remainder when 1 is divided by u(6)?
0
Let b(t) = 5*t**2 + 14*t + 4. What is the remainder when b(-6) is divided by 6?
4
Calculate the remainder when 56 is divided by 486/14 + (-2)/(-7).
21
Let s(o) = -2*o**2 - 1. Let h be s(4). Let u(p) = p + 68. Calculate the remainder when u(7) is divided by (-1)/(36/h - -1).
9
Suppose 3*k - 12 = -2*q, -q + k = 2 + 2. Suppose 2*d + 34 = 2*p, q = 2*p - 0*d + 2*d - 26. Calculate the remainder when 41 is divided by p.
11
Suppose 4*j = 3*r - 41, 2*r - j - 27 = 2*j. What is the remainder when r is divided by 14?
1
Let u(k) = 2*k**2 + 35 + 22*k - 3*k**2 + 0. What is the remainder when 136 is divided by u(22)?
31
Suppose -6*m = m - 147. What is the remainder when 64 is divided by -3 + (-74)/(-3) + 7/m?
20
Let z be (-4)/(-14) - (-104)/28. Let u be (-8)/z*(0 + -2). Suppose -u*h + 56 = -28. What is the remainder when h is divided by 11?
10
What is the remainder when 23 is divided by -7 + (-301)/(-14) - 3/2?
10
What is the remainder when 43 is divided by (-2844)/(-84) + (-2)/(-14)?
9
Let d(v) = 2*v**3 - 17*v**2 - 10*v + 30. Calculate the remainder when 84 - 6/(2 + 1) is divided by d(9).
19
Let t(b) = 5*b**2 - b - 29. Suppose v = 10 + 6. Calculate the remainder when t(5) is divided by v.
11
Let s(p) = -8*p - 1 + 0 + 4*p - 7*p. What is the remainder when 27 is divided by s(-1)?
7
Let f(u) = u**3 - 9*u**2 + 8*u - 77. Calculate the remainder when f(10) is divided by 15.
13
Let y(c) = 10*c - 5 + 14 + 2. Let w be y(7). Let q = -17 + w. What is the remainder when q is divided by 22?
20
Let k = 25 - 5. Let z(j) = -8*j**3 - 7*j**2 - 7*j. What is the remainder when k is divided by z(-1)?
4
Suppose -4*o + 9*o - 2*b - 59 = 0, -4*o - b = -42. Suppose o*h = 43 + 111. What is the remainder when h is divided by 3?
2
Let l(r) = r**3 + 17*r**2 - 19*r - 2. Let z be l(-18). Let w = z - -35. What is the remainder when w is divided by 13?
12
What is the remainder when (-342)/12*(20/(-12) + 1) is divided by 13?
6
Suppose -5*t = -37 - 68. Suppose 5*c + 4 = -t, -c + 20 = 5*u. Suppose -2*v = h - 17, -u*v + 4 = -2*h + 38. Calculate the remainder when 32 is divided by h.
15
Let j be (-2)/(-1) + (-8)/(-12)*3. What is the remainder when 102 is divided by (45/6)/(2/j)?
12
Suppose -f = g - 14 - 6, 5*g - 5*f = 80. Suppose s = -5*z + 5*s + 62, -5*s = -2*z + g. What is the remainder when 53 is divided by z?
11
Let a(w) = 2*w + 15. Let m be a(-6). Suppose m*v - 2*v = 9. Calculate the remainder when 44 is divided by v.
8
Let j(b) = b**3 + 8*b**2 - 3*b - 4. Let s = 216 - 209. Calculate the remainder when j(-8) is divided by s.
6
Suppose 4*i + 191 = f, -468 + 95 = -2*f + 5*i. What is the remainder when f is divided by 37?
31
Let v = -397 + 516. Calculate the remainder when v is divided by 34.
17
What is the remainder when ((-9)/3)/((-5848)/(-2936) - 2) is divided by 63?
52
Let i(t) = 2*t**2 - 4*t + 2. Let a be (-8)/(-36)*12*3. What is the remainder when (a + 1)/(1/7) is divided by i(5)?
31
Suppose 10*o - 4*o = 126. Suppose -o*z - 2 = -22*z. Suppose s = -4, 0 = -z*m + 2*s + 12 + 4. What is the remainder when m is divided by 1?
0
Let d(k) = 13*k - 112. Calculate the remainder when 263 is divided by d(9).
3
Suppose -3*z = 3*w, -2*w + 0 = 3*z + 2. Suppose w*q - 216 = -6*q. Calculate the remainder when 47 is divided by q.
20
Suppose 2*l - 172 = -4*t, -33 = -5*t - 13. Calculate the remainder when l is divided by 16.
14
Let m(l) = 3*l**2 - 6*l - 4. Let z be m(3). Suppose 2*a = 4*d + 34, 0*a + z*d + 80 = 5*a. Let n = -14 - -42. What is the remainder when n is divided by a?
13
Let s(m) = -5*m - 2 - 3*m**2 - 3*m**3 - 2*m + 0*m + 4*m. Let x(r) = -r**3 + 5*r**2 + 5*r + 4. Let h be x(6). Calculate the remainder when 29 is divided by s(h).
13
Suppose 38*n = 34*n + 1476. What is the remainder when n is divided by 37?
36
Let b = 637 - 291. Let f be b/8 - 2/8. Calculate the remainder when f - (1 + -3) - 0 is divided by 12.
9
Let g(h) = -h + 2. Let c be g(-10). Suppose 16*i = 13*i - c. What is the remainder when ((-36)/10 - i)*145 is divided by 15?
13
Suppose -d - 3*k + 295 = 4*d, -k = d - 59. What is the remainder when d is divided by 36?
23
Let r(u) = -u + 10. Let c be r(7). Suppose 0*z = c*z - 1281. Suppose -169 = 3*a - z. Calculate the remainder when a is divided by 22.
20
Let s be (-3 + (11 - 3))/1. Suppose -4*n + 48 = -5*f + 2*f, n = -f + s. Calculate the remainder when 17 is divided by n.
8
Suppose -3*a + 33 = 15. What is the remainder when 53 is divided by (-72)/(-14)*21/a?
17
Let f(b) = b. Let x be f(4). Suppose -4*y + 128 = x*d - 0*d, 12 = 3*d. What is the remainder when y is divided by (-5)/15 + (-46)/(-3)?
13
Let a(j) = -j**3 + 9*j**2 + j + 2. Calculate the remainder when 25 is divided by a(9).
3
Let b = 13 + -12. Let m(v) = -v + 5. What is the remainder when 13 is divided by m(b)?
1
Suppose 8*s = -67 + 667. Let t(x) = -x + 4. Let k be t(3). Let h(o) = 27*o**3 - 2*o**2 + o. What is the remainder when s 